rue
Is 18774649 a prime number?
True
Is 3281111 a composite number?
True
Is 5512229 a prime number?
True
Is 970369 a composite number?
True
Is 74551 a prime number?
True
Is 1042094803 composite?
False
Is 561781267 a composite number?
True
Is 20101007 composite?
True
Is 3253827 prime?
False
Is 227434 composite?
True
Is 25910239 composite?
True
Is 749129 composite?
False
Is 91762411 a prime number?
False
Is 2412127 prime?
True
Is 4952113 composite?
False
Is 8765321 a prime number?
True
Is 20677867 a prime number?
False
Is 653399 a prime number?
False
Is 166603901 prime?
False
Is 9710489 a prime number?
True
Is 25500361 a composite number?
False
Is 31243463 a composite number?
False
Is 339543161 composite?
False
Is 1659697 prime?
False
Is 8945259 a composite number?
True
Is 855461 a composite number?
False
Is 4146497 prime?
True
Is 18408241 prime?
False
Is 1928071 a prime number?
True
Is 29582759 a prime number?
True
Is 13919 composite?
True
Is 1184629106 a composite number?
True
Is 81774611 prime?
True
Is 3675563 prime?
True
Is 1068583027 prime?
True
Is 4514207 a prime number?
True
Is 19799867 composite?
True
Is 221206 a composite number?
True
Is 24869899 a composite number?
True
Is 210623 composite?
True
Is 1853953 composite?
True
Is 167856233 prime?
True
Is 21657743 composite?
True
Is 156018851 prime?
True
Is 375922439 a composite number?
True
Is 26343157 composite?
False
Is 1251491 composite?
True
Is 564168091 composite?
False
Is 22719727 composite?
False
Is 210097 a prime number?
True
Is 2518337 composite?
False
Is 455567183 composite?
False
Is 7745237 a composite number?
True
Is 24416039 a composite number?
False
Is 18156107 composite?
False
Is 3738799 a composite number?
True
Is 5404631 a prime number?
False
Is 185034331 a composite number?
True
Is 99757403 a prime number?
True
Is 6197599 composite?
False
Is 1164080773 a prime number?
True
Is 56447473 prime?
True
Is 49104502 composite?
True
Is 5837963 a prime number?
True
Is 74299879 prime?
True
Is 25694909 composite?
True
Is 2918059 composite?
False
Is 1106800799 a prime number?
False
Is 725273 composite?
False
Is 813874715 a prime number?
False
Is 47855609 a composite number?
False
Is 99862397 prime?
False
Is 85593799 prime?
True
Is 8676251 prime?
True
Is 29336663 composite?
True
Is 3689047 prime?
False
Is 115859851 a prime number?
True
Is 23116139 a composite number?
True
Is 1399439321 composite?
True
Is 1301803 composite?
True
Is 126397933 a prime number?
True
Is 2889697 a prime number?
False
Is 126656351 a composite number?
True
Is 1081639 a composite number?
True
Is 104125601 prime?
True
Is 3243101 prime?
True
Is 12398741 composite?
True
Is 88509227 prime?
True
Is 945067 a prime number?
False
Is 76943 composite?
False
Is 644784853 a prime number?
True
Is 1344169 prime?
True
Is 154195889 a composite number?
False
Is 181111237 composite?
False
Is 90725045 a composite number?
True
Is 28607129 a composite number?
False
Is 17801881 composite?
False
Is 189677641 a prime number?
True
Is 4606753 composite?
True
Is 4469249 a prime number?
False
Is 857554 composite?
True
Is 7321661 a prime number?
True
Is 8487173 prime?
True
Is 4703047 composite?
False
Is 1036713 a composite number?
True
Is 3316319 a composite number?
True
Is 644443 a prime number?
True
Is 5187313 a composite number?
False
Is 27811517 composite?
False
Is 28759277 composite?
True
Is 188618153 prime?
True
Is 25886071 composite?
True
Is 12331474 a composite number?
True
Is 4434913 a prime number?
False
Is 9977693 a prime number?
False
Is 31673123 prime?
True
Is 25955227 prime?
True
Is 127241243 a prime number?
False
Is 18114319 prime?
False
Is 66859927 a composite number?
True
Is 102537913 prime?
True
Is 5417657 prime?
False
Is 2108497 prime?
True
Is 8961019 prime?
True
Is 55752121 prime?
False
Is 103872667 a composite number?
True
Is 61744951 prime?
True
Is 4684117 a prime number?
True
Is 4532191 a prime number?
True
Is 749641 a prime number?
True
Is 167688211 composite?
False
Is 195284863 a composite number?
True
Is 2077109 prime?
False
Is 4129871 a prime number?
True
Is 9899381 a prime number?
False
Is 395993033 a prime number?
True
Is 12921493 prime?
False
Is 101595551 prime?
False
Is 180182393 composite?
True
Is 64375121 composite?
False
Is 1008223 a composite number?
False
Is 32865751 prime?
True
Is 60748661 composite?
False
Is 2870953 a composite number?
False
Is 22109753 a composite number?
False
Is 57088667 prime?
False
Is 430519 composite?
True
Is 2813873 prime?
False
Is 1441483 a composite number?
True
Is 1856983 a composite number?
False
Is 6987637 prime?
False
Is 298864801 a prime number?
True
Is 15100807 a composite number?
False
Is 705377251 prime?
True
Is 482537827 prime?
True
Is 5357647 composite?
True
Is 522660277 prime?
True
Is 1879259 a prime number?
False
Is 497084305 a prime number?
False
Is 10203562 prime?
False
Is 10439437 a composite number?
False
Is 32617133 a prime number?
False
Is 16688843 composite?
False
Is 392132011 composite?
False
Is 109025387 prime?
False
Is 46303133 prime?
False
Is 47231579 composite?
False
Is 277101179 composite?
False
Is 115165819 a prime number?
True
Is 285599591 composite?
False
Is 37942459 a composite number?
False
Is 33907513 a composite number?
True
Is 6148703 composite?
True
Is 88830307 a prime number?
True
Is 3755959 composite?
False
Is 33979661 prime?
True
Is 13867999 prime?
True
Is 73404113 a prime number?
False
Is 131557 composite?
True
Is 31437551 composite?
True
Is 5234843 composite?
False
Is 381835 a prime number?
False
Is 369203777 a prime number?
False
Is 5404951 a prime number?
False
Is 226366529 composite?
True
Is 444667 prime?
False
Is 42107111 composite?
False
Is 128997049 a prime number?
False
Is 8860949 composite?
False
Is 40601987 composite?
True
Is 17460167 composite?
False
Is 77400017 composite?
False
Is 26094703 composite?
False
Is 7814341 a composite number?
False
Is 1635749 a composite number?
True
Is 960733 a prime number?
False
Is 21784951 prime?
False
Is 51061321 prime?
True
Is 213997093 composite?
True
Is 35207707 composite?
False
Is 41632351 prime?
True
Is 21498041 a prime number?
True
Is 42430537 a prime number?
False
Is 172813351 a composite number?
False
Is 306487 composite?
True
Is 23840359 prime?
False
Is 108715027 a composite number?
False
Is 12787498 a prime number?
False
Is 32204597 prime?
True
Is 215563 prime?
True
Is 12198139 composite?
False
Is 188963 composite?
True
Is 57501251 composite?
False
Is 29463991 prime?
True
Is 178639259 prime?
True
Is 116954251 prime?
True
Is 4979069 prime?
False
Is 1580849 a composite number?
False
Is 697033217 a prime number?
True
Is 1605719 composite?
False
Is 42315607 a composite number?
True
Is 29391737 a prime number?
False
Is 29281253 prime?
False
Is 7533895 composite?
True
Is 3039173 prime?
True
Is 6585941 a prime number?
True
Is 5357815 composite?
True
Is 109570913 composite?
False
Is 14325169 prime?
False
Is 1290777 a prime number?
False
Is 21739019 a prime number?
True
Is 5937391 composite?
True
Is 2160337 composite?
False
Is 1079807 a prime number?
False
Is 6698971 composite?
True
Is 9665969 prime?
True
Is 12143221 a composite number?
False
Is 33116911 prime?
False
Is 3239497 a prime number?
False
Is 277340977 a prime number?
False
Is 4138033 prime?
True
Is 171383 a composite number?
False
Is 2429051 a composite number?
True
Is 3161687 composite?
True
Is 6091331 prime?
True
Is 2084151 a prime number?
False
Is 28255807 a prime number?
True
Is 64331791 a composite number?
True
Is 36930463 composite?
True
Is 188361899 a composite number?
True
Is 218101127 a prime number?
False
Is 62036759 a prime number?
True
Is 10536593 a composite number?
True
Is 9446497 a prime number?
True
Is 2454317 a prime number?
True
Is 6078845 a composite number?
True
Is 437119 composite?
True
Is 6742643 prime?
True
Is 441443 a composite number?
False
Is 29916671 composite?
False
Is 59819131 a prime number?
True
Is 317473018 a composite number?
True
Is 175256993 a prime number?
True
Is 10684129 composite?
True
Is 1336091 a prime number?
True
Is 46807999 composite?
True
Is 4364407 composite?
True
Is 2588809 composite?
False
Is 69262567 prime?
False
Is 27332017 composite?
True
Is 1332901631 prime?
True
Is 386471 a prim